e?
True
Suppose 4*i = 5*s - 366, s + 3*i - 198 = -2*s. Suppose 0 = -3*m + 4*m - 3*y - s, -3*m - 3*y + 222 = 0. Suppose -b = -j - m, 2*b = 5*b - 4*j - 215. Is b prime?
False
Suppose 0*c - 2*c - 5*m = -63, 2*c + 2*m = 78. Is 0 + c + (4 - 1) prime?
True
Is (12/24)/((-3)/(-34422)) a prime number?
True
Let a(y) = y**2 - y - 2. Let x be a(2). Let h be ((-73 - x) + 0)*-1. Suppose -3*l = -3*r - l + h, 36 = r - 3*l. Is r a prime number?
False
Let j(g) = 15*g**2 - 2*g - 7. Is j(6) prime?
True
Suppose -2 = -2*a + a. Suppose -5*n - 5*x = -170, -n + a*x + 27 = -22. Is n composite?
True
Let z = 4 - -1. Suppose -3*y - z*l - 6 = 0, -4*y - l + 3*l = -18. Suppose 4*v = -y + 39. Is v a prime number?
False
Let q(p) = p**2 + 109. Suppose 0*z + 12 = -3*z. Let m(l) = -l**2 - 110. Let o(j) = z*m(j) - 3*q(j). Is o(0) composite?
False
Suppose 2*g - 5 = 1. Suppose g*c + 2*j = 22, 3*j - 5 = c + 6. Is (-10)/4*(-18 - c) a prime number?
False
Let v(g) be the third derivative of 5/6*g**3 - 3*g**2 + 0 - 1/4*g**4 + 0*g. Is v(-8) composite?
False
Let p(u) = 7*u**2 + 23*u - 7. Is p(-14) a prime number?
False
Let r(a) = -a**3 + 7*a**2 + 2*a - 3. Let i(d) = -3*d**2 + 2*d - 1. Let k be i(1). Let u = 2 - k. Is r(u) prime?
True
Let b(c) = -c**3 - 7*c**2 - 5*c + 6. Let o be b(-6). Suppose 0 = -2*i - 4. Is o + (i - 1*-87) a prime number?
False
Let o(w) = 160*w**2 - 2*w + 2. Is o(4) composite?
True
Suppose -3*d = -c - 53, c - 5*c = 2*d - 54. Suppose 2*i - z = 7, -2*i + z - 4*z + d = 0. Suppose -x + 4*b + 33 = 0, 0*b + 280 = i*x + 3*b. Is x prime?
True
Let y = 88 + -33. Is y a composite number?
True
Let a = -3 + 7. Suppose a*o - 275 = 1065. Is o a prime number?
False
Suppose 4*h + 2*t - 188 = 176, -2*h - 2*t + 182 = 0. Is h a prime number?
False
Let a(z) = 17*z - 1. Let w(u) = 2*u. Let v(m) = -m. Let l(c) = 3*v(c) + 2*w(c). Let y(k) = a(k) + 6*l(k). Is y(1) a composite number?
True
Suppose -374 = -4*j + 438. Is j a prime number?
False
Let s be (1 - -3) + 2/(-2). Suppose -4*k + 11 = s. Is ((-2)/4)/(k/(-60)) a composite number?
True
Suppose -35 - 155 = -5*j. Is (-1)/(3 - j/12) a composite number?
True
Is 1451/(1*(-4)/(-20)) prime?
False
Let y(f) be the first derivative of 2/3*f**3 - 10*f + 1/2*f**2 + 2. Is y(7) a prime number?
False
Let s(z) = 2 + 2 + 49*z + 3*z**2 - 48*z. Is s(6) composite?
True
Let b = 1 - -34. Is b prime?
False
Suppose j - 2*z + 644 = 2*j, -5*j = -3*z - 3220. Is (-18)/12*j/(-6) prime?
False
Let k(n) = n**3 + 4*n**2 + 2*n. Let d be k(-2). Suppose -d*o + 54 = -2. Is o a composite number?
True
Suppose 2*v - 2*u = 2, v - u - 4*u = -7. Is (-2 + v)/(1/38) a composite number?
True
Suppose 5*u - 1 = -t - 8, 4*t - 2*u - 38 = 0. Let l = t - -2. Is l prime?
False
Let m = 3 + -12. Let p(v) = -v**3 - 7*v**2 + 3*v - 1. Is p(m) composite?
True
Let r(k) = -k**3 - 6*k**2 - 6*k. Let g be r(-5). Suppose g*s = 2*s, -s - 30 = -5*d. Is d a prime number?
False
Let v(o) = 2*o - 4. Let l be v(-8). Let w be (-4)/l - (-4)/5. Suppose 4*q = -2*k + 18, q - k - 4 = -w. Is q prime?
False
Suppose -4*h + 0*h = -436. Is h composite?
False
Suppose -12 = -3*g, 4*m + 0*g + 2*g = -4. Let t(y) = 3*y**2 - y + 1. Is t(m) composite?
False
Suppose -1352 = -4*m - 2*g, 5*g = -3*m + g + 1014. Suppose 4*w - 338 - m = -3*v, -3*w + 3*v = -507. Suppose -48 - w = -q. Is q a prime number?
False
Let n be (-36)/8 - 1/(-2). Let u(a) = -5*a - 8*a - 3 + 2*a - 6*a. Is u(n) prime?
False
Let u be 100/(-1*(3 + -4)). Suppose -5*f + u + 515 = 0. Is f a prime number?
False
Is 25664/11 + (-6)/66 composite?
False
Let v(u) = -3*u + 4. Let y(r) = -1. Let n(t) = -v(t) - 5*y(t). Is n(4) a composite number?
False
Let w(b) = 3*b**2 + 4*b + 26. Is w(-15) prime?
True
Suppose 5*o = -1 + 11, 0 = 5*j + 5*o - 2795. Is j composite?
False
Let s(p) = -104*p**3 + 4*p**2 + 5*p + 1. Is s(-2) a prime number?
True
Is 2 - 3*24/(-9) composite?
True
Suppose -h - 920 = -6*a + 3*a, a = 5*h + 302. Is a a prime number?
True
Suppose -6 = 3*o, 4*o = -2*s - 0*o + 86. Is s a composite number?
False
Let q(p) = p**3 + 10*p**2 - 11*p + 22. Is q(-9) a prime number?
False
Let t = 121 - 243. Let x = 63 - t. Is x a prime number?
False
Let g(x) = -x - 1. Let h(p) = -p**2 - 3*p + 4. Let m be h(-5). Let l(j) = j**2 - 2*j. Let b(r) = m*g(r) + l(r). Is b(5) a prime number?
False
Suppose 0 = 3*r - 6. Suppose r*z - 178 - 108 = 0. Is z a composite number?
True
Let n = -3 - -6. Suppose 5*g = n*i + 4*g + 29, -i = 2*g - 2. Let v(f) = f**3 + 9*f**2 + 6*f + 6. Is v(i) a prime number?
False
Let x(m) = m**3 - 5*m**2 - 6*m + 2. Let j be x(6). Suppose -128 = -j*y - 5*h - 45, 0 = -2*y + h + 77. Is y prime?
False
Let f be -1 + (-1)/(4/(-2176)). Let t = -320 + f. Is t composite?
False
Suppose 11 = 5*b + 3*r, -4*b - 6 = -3*r - 2*r. Is (-1)/(b/(-35 + 0)) prime?
False
Let x = -409 - -223. Let z be (2/(-4))/(1/x). Is z*1 - (2 - 4) composite?
True
Suppose -g - 4*g = -30. Let r be -5 + (-3)/(-1) - g. Is 2/4 - 820/r a prime number?
True
Suppose 2*w + 460 + 153 = 5*k, -3*k + 3*w = -366. Suppose g - k = 512. Is g a prime number?
False
Suppose 5*t = -15, 5*f - t + 4*t - 781 = 0. Is f prime?
False
Suppose -2 = -4*c - 2*v, -3*c + 0*v - 9 = 5*v. Suppose 0 = -g - 2*g. Suppose c*h + g*h = 28. Is h a prime number?
False
Let h(v) = v**3 - 6*v**2 + 10*v. Let l = -11 + 18. Is h(l) a prime number?
False
Suppose 5*u + 5*t = 3*u + 412, 4*t = -3*u + 604. Suppose -a = 35 - u. Is a composite?
True
Suppose 0 = -3*b + 3. Let i be (b + -1 - 2)/(-1). Suppose n + 4*w - 61 = 0, -i*n - 75 + 191 = 5*w. Is n composite?
False
Let h = 1647 - -164. Is h composite?
False
Let c(o) = -o - 9. Let q(i) = -2*i - 17. Let w(h) = 5*c(h) - 3*q(h). Is w(8) prime?
False
Let q = -2049 - -9404. Is q prime?
False
Let s be -2*1/((-3)/(-33)). Let c = -11 - s. Is c composite?
False
Suppose 2*i + 3*a - 1042 = -a, 5*i = 2*a + 2605. Is i prime?
True
Suppose -k - k = 0. Suppose -n + 13 = -2*h - k, 0 = -n + 5*h + 13. Suppose 2*v - n = 93. Is v a composite number?
False
Let y(l) = -86*l - 1. Let f be y(-2). Let b = f - 116. Is b prime?
False
Suppose 0 = t + 5 - 0, -5*z + t + 5 = 0. Suppose 4*g - 172 = -4*l - g, -3*l + 4*g + 98 = z. Is l a composite number?
True
Suppose 2*o - 6 = -o. Let n(t) = -4*t - 5 + 2*t - 3*t + o*t. Is n(-9) composite?
True
Suppose 2*s - 379 = -2*s + l, 2*s - 2*l = 194. Is s composite?
True
Let k be (3/6)/(2/20). Suppose 0 = 5*c - 60 + k. Is c a prime number?
True
Let s be -3 - ((-3 - -1) + -106). Is (388/6)/(10/s) prime?
False
Let i(t) = -t**3 + 6*t**2 - t + 4. Let g be i(3). Is g*(-2)/(-4) - 0 prime?
False
Let h = -5 - -10. Is 2/(-5) + 447/h composite?
False
Let z = 535 + -361. Suppose -4*j + 574 = -z. Is j a prime number?
False
Suppose 2*z + 0 - 4 = -2*i, 0 = 4*z - 8. Suppose -m + 3 = -i. Suppose 5*j - 65 = 4*d, 2*d + 39 = -0*j + m*j. Is j composite?
False
Is 176 + -4 + -1 + 6 a prime number?
False
Let k(l) = -24*l**3 + 4*l**2 - l - 2. Let y be (6/(-5))/((-4)/(-10)). Is k(y) composite?
True
Is (1370/40)/(2/24) composite?
True
Suppose 4*k + 14 = 5*v, v - 5*k - 1 = 3*v. Suppose 0 = -q - 0 + v. Is (-2)/(q*3/(-201)) a prime number?
True
Let i(s) = 520*s - 17. Is i(1) prime?
True
Let x = -8 - 42. Let s = x - -179. Is s a composite number?
True
Let o = 27 - 12. Is o composite?
True
Let g(n) = 2*n**3 - 14*n**2 + 3*n + 18. Let y(t) = -t**3 + 13*t**2 - 3*t - 17. Let u(l) = 2*g(l) + 3*y(l). Is u(-10) composite?
True
Let g(z) = -z**2 + 4*z + 7. Let b(c) = -c**2 + 4*c + 7. Let r(p) = -3*b(p) + 4*g(p). Let o be r(5). Is o + (-2 - 1*-67) a prime number?
True
Suppose -v - 3 = -5*z + 3*z, -2*z + 33 = 5*v. Suppose -p - 156 = -v*p. Suppose -2*f + 2 = 0, 3*c - p = f + 2*f. Is c composite?
True
Let y(z) = -z**2 + 5*z + 6. Let o be y(6). Suppose o = -m + j + 54, -3*m - j = 2*m - 276. Is m prime?
False
Suppose 7*m = 4*m + 12. Suppose -m*s = -6*s + 674. Is s a composite number?
False
Suppose 0*n = -4*n + 8. Suppose 181 = 4*r - y, 0 = 5*r + n*y - 207 - 29. Is r prime?
False
Let p(q) = 5*q**2 - q - 31. Is p(-12) a prime number?
True
Let h(b) = -b**3 + 4*b**2 - b - 4. Let r be h(3). Is (790/20)/(r/4) a prime number?
True
Suppose 2*r = 1 + 1. Let p(j) = 85*j + 1. Is p(r) prime?
False
Let b(l) = -33*l - 11. Let o(a) = -11*a - 4. Let i(v) = 4*b(v) - 11*o(v). Is i(-1) prime?
True
Suppose -423 = -4*f + f. Is f prime?
False
Suppose c - 4 = -0*c. Is c/6*(